 6) to base 11
-193043
Convert 90049 (base 12) to base 7.
1405155
Convert -113404222 (base 7) to base 5.
-3243310010
What is -332303003 (base 4) in base 7?
-2120624
Convert -18832b (base 12) to base 13.
-12036b
What is 11aba06 (base 12) in base 8?
15152746
Convert 224110403 (base 5) to base 11.
626234
-233333202 (base 5) to base 15
-16341c
What is -1770a (base 15) in base 16?
-1283b
What is -413414 (base 5) in base 2?
-11010100101001
What is 2214411 (base 6) in base 2?
11011001001000111
-1836703 (base 11) to base 7
-35313003
Convert -749f5f (base 16) to base 10.
-7642975
-153313 (base 7) to base 5
-1424443
-175884 (base 9) to base 4
-122230201
What is 1432120 (base 6) in base 2?
10100000011010000
What is 4023213 (base 7) in base 16?
74577
Convert 22010111201002 (base 3) to base 7.
51503261
What is -172504 (base 8) in base 9?
-105114
Convert 2242111022 (base 5) to base 14.
950d69
What is -20302021110 (base 4) in base 8?
-10621124
What is 4775777 (base 9) in base 3?
11212112212121
What is -48508 (base 12) in base 16?
-17cd8
What is -576088 (base 11) in base 14?
-19ba80
Convert -1000110000101110111111 (base 2) to base 10.
-2296767
What is 445873a (base 11) in base 4?
131310000113
23000012303 (base 4) to base 16
2c01b3
What is -142320205 (base 6) in base 2?
-1011001000100100001101
What is -a2772 (base 11) in base 7?
-1163212
-1a8445 (base 11) to base 10
-318642
-20001 (base 3) to base 8
-243
What is -162368 (base 12) in base 3?
-201011102222
What is 1010420202 (base 5) in base 7?
23245152
Convert -13236500 (base 7) to base 12.
-4a9962
What is -1706 (base 14) in base 3?
-12122200
What is -10155000 (base 6) in base 10?
-295272
What is 41 (base 11) in base 16?
2d
Convert -2232102303 (base 4) to base 3.
-1100021022000
111010101100111 (base 2) to base 3
1112020011
4244231321 (base 5) to base 12
300b0a6
What is -760760 (base 11) in base 9?
-2253170
What is 2037770 (base 10) in base 12?
823322
Convert -3333143 (base 8) to base 16.
-db663
57604 (base 12) to base 5
12213034
Convert 105450143 (base 6) to base 4.
13130031033
1000101101111101101 (base 2) to base 11
1856a7
Convert 114640 (base 8) to base 13.
14b93
Convert 8a4db1 (base 16) to base 15.
be08c2
Convert aa467 (base 14) to base 4.
1210230323
What is -3d28b (base 14) in base 4?
-210332023
-4744471 (base 9) to base 15
-35b13a
Convert 36b69 (base 14) to base 2.
100000101101001001
-3ab980 (base 12) to base 6
-32514240
-7aa40c (base 13) to base 12
-b82587
-d17 (base 14) to base 6
-15521
-34b3e4 (base 15) to base 5
-1121044024
What is -101020021022 (base 3) in base 9?
-336238
What is 1615ab (base 15) in base 4?
10010230022
-6201310 (base 10) to base 5
-3041420220
-1022221101122 (base 3) to base 4
-2230231121
Convert a0437 (base 11) to base 7.
1151244
-14b548 (base 14) to base 13
-1c3c57
Convert -49968a (base 11) to base 2.
-11000000100100101000
Convert 27b553 (base 13) to base 15.
141a63
4525430 (base 6) to base 15
47e43
What is 2752847 (base 9) in base 2?
101110000111100001011
What is -333032221 (base 5) in base 11?
-904440
Convert -13232103 (base 4) to base 6.
-402243
Convert -1201000012 (base 4) to base 14.
-a4b1c
22042413 (base 5) to base 4
232132112
-1132135 (base 12) to base 11
-1954925
What is -3273675 (base 10) in base 11?
-1936619
-330101223 (base 6) to base 14
-ad3451
What is 1b71390 (base 12) in base 10?
5870556
1551230 (base 7) to base 9
355675
-131955c (base 14) to base 8
-43076616
-12127165 (base 10) to base 15
-10e837a
Convert 56283 (base 9) to base 11.
26125
-11698d (base 14) to base 9
-1105558
Convert 195ba (base 15) to base 4.
110011330
Convert 1df504 (base 16) to base 9.
3622078
Convert -ab3037 (base 15) to base 9.
-16317457
Convert -5170 (base 15) to base 4.
-10030311
36c5f (base 16) to base 2
110110110001011111
Convert 124526341 (base 7) to base 9.
16002584
Convert -303220332 (base 4) to base 5.
-23232033
-b867 (base 15) to base 8
-114156
What is 12ab33 (base 15) in base 4?
3122332002
Convert 1100111101110111 (base 2) to base 3.
2200212002
What is 114466b (base 12) in base 10?
3325619
Convert -223334421 (base 5) to base 8.
-3631614
What is -101101011001101110 (base 2) in base 14?
-4bab4
-1302231122 (base 4) to base 2
-1110010101101011010
What is -718515 (base 9) in base 16?
-680ab
-11001111000100010100 (base 2) to base 15
-11b483
What is 36999 (base 12) in base 13?
278a6
Convert 1428553 (base 9) to base 13.
21730b
b05b (base 12) to base 4
10222013
Convert -152401232 (base 6) to base 12.
-10a6218
5613335 (base 7) to base 15
da395
-6012e3 (base 15) to base 4
-101121112200
Convert 15000 (base 6) to base 11.
1870
Convert -23712276 (base 8) to base 14.
-99a942
What is 756b9 (base 12) in base 14?
405ad
16cc20 (base 16) to base 4
11230300200
Convert 21131323 (base 5) to base 9.
288824
What is 6312566 (base 8) in base 4?
12121111312
What is -110212122201 (base 3) in base 10?
-253441
Convert 3221332012 (base 4) to base 14.
1ad370
Convert -289425 (base 13) to base 3.
-1212101011020
b0b91 (base 12) to base 4
320012131
Convert -849d6 (base 14) to base 11.
-1a9682
What is 444942 (base 10) in base 11?
284323
What is -53066 (base 12) in base 6?
-2200210
What is 10010100100001101000001 (base 2) in base 15?
66208b
What is -10221222021110 (base 3) in base 10?
-2105553
17647 (base 16) to base 14
26cbd
Convert -12303101032 (base 4) to base 8.
-6632116
Convert 15027065 (base 8) to base 14.
650365
Convert 2d4a50 (base 14) to base 2.
110000011101101011110
Convert 13101013233 (base 4) to base 9.
3523316
What is -490b37 (base 12) in base 13?
-325957
Convert -9813dd (base 14) to base 12.
-1885087
What is 144525 (base 11) in base 9?
373374
11321203321 (base 4) to base 15
208344
42444212 (base 6) to base 13
34a120
What is 2325c (base 15) in base 11?
77099
Convert -22122221121101 (base 3) to base 13.
-c52c4b
Convert 1351511345 (base 6) to base 2.
111111010101100100010001
Convert -10014322040 (base 5) to base 8.
-45651331
Convert -4445631 (base 7) to base 12.
-225b83
b0d7 (base 15) to base 16
91cf
-122212112200 (base 3) to base 13
-c4167
What is 6aa4a (base 13) in base 4?
233220100
What is -3c0cc5 (base 13) in base 8?
-5441160
Convert 2879310 (base 11) to base 2.
10010110111100111000010
Convert -60032 (base 14) to base 6.
-4535152
What is 28e8d (base 16) in base 13?
5b368
Convert 462707 (base 8) to base 4.
212113013
-42711a (base 13) to base 8
-5742551
973a0 (base 12) to base 2
110000101001101000
Convert 1e42ca (base 15) to base 9.
2708251
-dd761 (base 15) to base 9
-1282221
What is -1b9dbb (base 16) in base 3?
-10101221122112
15524120 (base 6) to base 14
10669a
What is -112900c (base 15) in base 3?
-212002222020110
c871 (base 16) to base 10
51313
Convert -222210300 (base 4) to base 11.
-10a021
Convert 169695 (base 16) to base 13.
3caa55
Convert -20e43e (base 15) to base 13.
-42b2c4
10011000111011001 (base 2) to base 8
230731
20100013301 (base 4) to base 16
2101f1
What is -c679 (base 14) in base 12?
-1796b
What is -14860 (base 16) in base 6?
-1445104
74380 (base 10) to base 4
102022030
Convert -7b6b1 (base 12) to base 14.
-4428d
What is -110010100011110100 (base 2) in base 14?
-55684
What is -fed226 (base 16) in base 13?
-35c932c
Convert 19a790 (base 12) to base 6.
13421100
443104 (base 16) to base 7
52662100
What is -1110110101100000110 (base 2) in base 3?
-220200212120
11405006 (base 7) to base 6
33352325
Convert 21550411 (base 8) to base 11.
268a971
What is -6332356 (base 8) in base 15?
-234298
1005527 (base 8) to base 14
6c83d
-ca21 (base 16) to base 4
-30220201
Convert 11100000101110100 (base 2) to base 12.
56704
What is 10320301 (base 4) in base 5?
1120032
What is 10202121021220 (base 3) in base 5?
1002443420
Convert -1022102202102 (base 3) to base 12.
-29776b
What is -82021 (base 10) in base 16?
-14065
Convert 347266 (base 10) to base 2.
1010100110010000010
255787 (base 9) to base 7
1214314
Convert -1133130 (base 7) to base 6.
-3020530
-a69d4 (base 14) to base 15
-7e434
What is 22a9611 (base 12) in base 16?
66222d
1100101000110000 (base 2) to base 5
3124020
234065362 (base 7) to base 11
81a5447
What is -13b82 (base 15) in base 6?
-1205135
36467 (base 13) to base 11
6893a
What is -b38d8 (base 14) in base 13?
-121b74
What is -137b49 (base 12) in base 15?
-6636c
-823862 (base 9) to base 13
-1413c8
Convert